{"id":1410,"date":"2022-07-06T22:43:42","date_gmt":"2022-07-06T22:43:42","guid":{"rendered":"https:\/\/www.tusoportecnologico.com\/?post_type=product&#038;p=1410"},"modified":"2024-12-26T17:22:11","modified_gmt":"2024-12-26T17:22:11","slug":"qualcomm-tarjeta-inalambrica-atheros-qcnfa435","status":"publish","type":"product","link":"https:\/\/www.tusoportecnologico.com\/?product=qualcomm-tarjeta-inalambrica-atheros-qcnfa435","title":{"rendered":"Qualcomm-tarjeta inal\u00e1mbrica Atheros QCNFA435"},"content":{"rendered":"<div><strong><span data-spm-anchor-id=\"a2g0o.detail.1000023.i0.7ca66bd8O5Wyss\">Qualcomm-tarjeta inal\u00e1mbrica Atheros QCNFA435 NFA435 QCA9377 802.11AC, banda dual 2,4G\/5G, Bluetooth 4,1, NGFF, para Acer, ASUS, Dell, Toshiba<\/span><\/strong><\/div>\n<div><\/div>\n<div><\/div>\n<div>\n<div>Modelo: QCNFA435\/NFA435<\/div>\n<div><\/div>\n<div>Chip: Qualcomm Atheros QCA9377<\/div>\n<div><\/div>\n<div>WIFI: 802.11AC inal\u00e1mbrico (nuevo protocolo 802.11AC)<\/div>\n<div><\/div>\n<div><span data-spm-anchor-id=\"a2g0o.detail.1000023.i1.7ca66bd8O5Wyss\">Bluetooth: 4,1 retrocompatible con Bluetooth 4,0\/3,0\/2,0 (NUEVO 4,1 de alta velocidad)<\/span><\/div>\n<div><\/div>\n<div>Soporta el sistema WIN7 WIN8 WIN10<\/div>\n<div><\/div>\n<div>Interfaz NGFF M2<\/div>\n<div><\/div>\n<div>El port\u00e1til tiene una ranura WIFI NGFF M2, b\u00e1sicamente puede usar esta tarjeta de red inal\u00e1mbrica.<\/div>\n<div><\/div>\n<div>Nota: El port\u00e1til Lenovo HP no es compatible<\/div>\n<div><\/div>\n<div>Los ordenadores de escritorio con ranura WIFI NGFF M2 tambi\u00e9n pueden usar esta tarjeta de red<\/div>\n<div><\/div>\n<div>Acer Aspire E5-752G E5-573<\/div>\n<\/div>\n","protected":false},"excerpt":{"rendered":"<p>Qualcomm-tarjeta inal\u00e1mbrica Atheros QCNFA435 NFA435 QCA9377 802.11AC, banda dual 2,4G\/5G, Bluetooth 4,1, NGFF, para Acer, ASUS, Dell, Toshiba Modelo: QCNFA435\/NFA435 Chip: Qualcomm Atheros QCA9377 WIFI: 802.11AC inal\u00e1mbrico (nuevo protocolo 802.11AC) Bluetooth: 4,1 retrocompatible con Bluetooth 4,0\/3,0\/2,0 (NUEVO 4,1 de alta velocidad) Soporta el sistema WIN7 WIN8 WIN10 Interfaz NGFF M2 El port\u00e1til tiene una ranura &hellip;<\/p>\n<p class=\"read-more\"> <a class=\" thunk-readmore button \" href=\"https:\/\/www.tusoportecnologico.com\/?product=qualcomm-tarjeta-inalambrica-atheros-qcnfa435\"> <span class=\"screen-reader-text\">Qualcomm-tarjeta inal\u00e1mbrica Atheros QCNFA435<\/span>Leer m\u00e1s<\/a><\/p>\n","protected":false},"featured_media":1412,"comment_status":"open","ping_status":"closed","template":"","meta":[],"product_brand":[],"product_cat":[29],"product_tag":[],"class_list":{"0":"post-1410","1":"product","2":"type-product","3":"status-publish","4":"has-post-thumbnail","6":"product_cat-tarjetared","7":"thunk-woo-product-list","8":"opn-qv-enable","9":"top-store-woo-hover-zoom","10":"top-store-single-product-tab-horizontal","11":"top-store-shadow-","12":"top-store-shadow-hover-","14":"first","15":"instock","16":"taxable","17":"shipping-taxable","18":"purchasable","19":"product-type-simple"},"_links":{"self":[{"href":"https:\/\/www.tusoportecnologico.com\/index.php?rest_route=\/wp\/v2\/product\/1410","targetHints":{"allow":["GET"]}}],"collection":[{"href":"https:\/\/www.tusoportecnologico.com\/index.php?rest_route=\/wp\/v2\/product"}],"about":[{"href":"https:\/\/www.tusoportecnologico.com\/index.php?rest_route=\/wp\/v2\/types\/product"}],"replies":[{"embeddable":true,"href":"https:\/\/www.tusoportecnologico.com\/index.php?rest_route=%2Fwp%2Fv2%2Fcomments&post=1410"}],"wp:featuredmedia":[{"embeddable":true,"href":"https:\/\/www.tusoportecnologico.com\/index.php?rest_route=\/wp\/v2\/media\/1412"}],"wp:attachment":[{"href":"https:\/\/www.tusoportecnologico.com\/index.php?rest_route=%2Fwp%2Fv2%2Fmedia&parent=1410"}],"wp:term":[{"taxonomy":"product_brand","embeddable":true,"href":"https:\/\/www.tusoportecnologico.com\/index.php?rest_route=%2Fwp%2Fv2%2Fproduct_brand&post=1410"},{"taxonomy":"product_cat","embeddable":true,"href":"https:\/\/www.tusoportecnologico.com\/index.php?rest_route=%2Fwp%2Fv2%2Fproduct_cat&post=1410"},{"taxonomy":"product_tag","embeddable":true,"href":"https:\/\/www.tusoportecnologico.com\/index.php?rest_route=%2Fwp%2Fv2%2Fproduct_tag&post=1410"}],"curies":[{"name":"wp","href":"https:\/\/api.w.org\/{rel}","templated":true}]}}